8) - 482/(-18)?
2
Let t = 5 + -11. What is the units digit of 140/25 - t/(-10)?
5
Suppose 2*n - 25 = -3*n. Let y(h) = -1 + 8*h**2 + 0 - n*h - h**3 - 6. What is the units digit of y(7)?
7
Suppose 0 = -4*o - d - d + 190, -5*o = 4*d - 230. What is the units digit of o?
0
Let u = 636 - 447. What is the hundreds digit of u?
1
Let t(f) = -f**3 + 7*f**2 + 9*f + 11. Let x be t(8). What is the units digit of (-6*1)/3 + x?
7
Suppose 11 - 83 = -4*o. What is the units digit of o?
8
Let r = -9 - -17. Suppose -7 = -5*i + r. What is the units digit of i?
3
Suppose -f - 23 = -3. Suppose -10 = -5*k + 130. Let c = k + f. What is the units digit of c?
8
Suppose 5*v = 48 + 37. What is the tens digit of v?
1
Let k be (-3)/(4 + 165/(-42)). Let q = -19 - k. What is the tens digit of q?
2
Suppose -6 = 2*x, 3*o = -2*x - 0*x + 57. What is the units digit of (-7)/o - 50/(-6)?
8
Suppose -44 = 11*g - 7*g. Let a(t) = t + 20. What is the units digit of a(g)?
9
Suppose 4*k - 4 = 2*d, 5*d - 13 = -5*k + 7. Suppose -2*b + 4*x + 4 = d*b, 0 = 5*x. Suppose -3*r + 19 = m, m + r - 12 = b. What is the tens digit of m?
1
Let k = -40 + 110. What is the tens digit of k?
7
Suppose -2*o + 2 = -y + 7, -5*o + 2*y - 10 = 0. Suppose o = x + 5 - 20. Let t = 25 - x. What is the units digit of t?
0
Let r be (6/(-18))/((-1)/6). Suppose 0 = -4*n + 2 + r. What is the tens digit of n/(3 + (-94)/32)?
1
Let x = -4 - 2. What is the tens digit of ((-88)/12)/(2/x)?
2
Let h(z) = z**2 + 4*z - 2. Let b be h(-5). Suppose x = -b*x + 20. Suppose 7 = x*f - 63. What is the units digit of f?
4
Let w be 7/(14/(-4)) + 6. Let c(p) = -4*p**2 - 3 - 3*p**3 + 2*p**3 - w. What is the units digit of c(-5)?
8
Suppose 0 = -0*g + 5*g. Suppose g = b - 7 - 2. Let j = -2 + b. What is the units digit of j?
7
Let s = -1 - 11. Let f = -7 - s. What is the units digit of f?
5
Suppose 0*k = -3*k. Suppose k*m + m = 20. What is the units digit of m?
0
Suppose -3*r - 11 = -4*r - 2*b, 4*b - 13 = r. Let x(j) = -r*j - 2*j + j. What is the units digit of x(-1)?
4
Let l(c) = 9*c - 5. Let x be l(5). Suppose x = 3*k + k. What is the tens digit of k?
1
Suppose -h = 4*n - 40, -2*h + n = -0*n - 44. What is the tens digit of h?
2
What is the units digit of 53*(3 - (-1 + 1 + 2))?
3
Let l(b) be the first derivative of -b**2/2 + 4*b - 1. Suppose -5 + 5 = 2*a. What is the units digit of l(a)?
4
Suppose o - 3*o + 3*u - 21 = 0, -2*o = 4*u - 14. Let f(j) = 3*j - 1 + j - 50*j**2 + 52*j**2. What is the units digit of f(o)?
5
Let w(i) = 19*i**3 + i**2 - i. What is the tens digit of w(1)?
1
Let c = -116 - -164. What is the tens digit of c?
4
Suppose 0 = -x + 30 - 0. What is the units digit of x?
0
Suppose 0 = 5*n - 0*n - 160. What is the units digit of n?
2
Let z(h) = -3*h - 2 + 10 + 0*h + 2*h. What is the units digit of z(0)?
8
Suppose -2*c + 95 = x, -4*c + 191 = 2*x + c. Suppose -3*h - x = -6*h. What is the units digit of h?
1
Let a be 1/(2/(-1))*-12. Suppose -a = p - 4*p. What is the units digit of p?
2
Suppose -2*f + 157 = -47. What is the tens digit of f?
0
Let h(x) = -5*x**3 + 2*x + 2. What is the units digit of h(-1)?
5
Suppose 5*w - 1150 = -5*w. What is the tens digit of w?
1
Let w(f) = -6*f - 3. Suppose -4 = -3*j - 2*a, 3*a = -2*j + 5 - 4. Let g = -4 + j. What is the units digit of w(g)?
9
Let l = -4 + 4. Suppose l = 3*p + 2*p - 5. What is the units digit of p/2 - 3/(-6)?
1
Let u(s) = -s + 2. Suppose 6 = -2*v + l, v - 3*l - 2 = -v. What is the units digit of u(v)?
7
Suppose 5*c = 4*v + 96, 4*v - 32 = -3*c - 0*c. What is the units digit of c?
6
Suppose -w - 8 = -2*w. Let r = 2 - w. Let q = 3 - r. What is the units digit of q?
9
Suppose l + 2*k = 26, 2*k - 70 = 2*l - 5*l. Suppose -b + l = b. What is the tens digit of b?
1
Suppose 0*o = 3*o - 12. Suppose -r + 0 = o. What is the units digit of 2/r - (-14)/4?
3
Let o(t) = -7*t**3 - 1. Let b(f) = f**2 + 5*f + 3. Let s be b(-4). Let g be o(s). Let w(r) = r**2 - 5*r + 8. What is the units digit of w(g)?
4
Let f = -2 - -3. What is the units digit of f*15 - (-8 + 6)?
7
Suppose v + 0 = -4*j - 3, 3*v = 3*j + 6. What is the units digit of v?
1
Let o(p) = p + 11. Let s be o(-9). Suppose 4*d - 54 = -s*v, 2*d - 2*v + 0*v = 18. What is the tens digit of d?
1
Let q(t) be the second derivative of -t**5/10 + 5*t**4/12 - t**3/3 - t**2/2 - 3*t. Let o be q(3). What is the units digit of (-23)/(-4) - 4/o?
6
Suppose v - 5*v = -4. Let u = 0 + v. Suppose -u + 11 = n. What is the units digit of n?
0
Suppose -d + 5*t + 93 = 0, -d + 0*d = 3*t - 109. What is the tens digit of d?
0
Suppose 3 = 6*c - 3*c. What is the units digit of (-2)/(-1*c/3)?
6
Suppose 6*c - 3*c - 12 = 0. What is the units digit of c?
4
Let c = 9 + -5. Suppose 2*y - 6*y + c = 0. Suppose 0*l = -l + y. What is the units digit of l?
1
Suppose 0 = -5*k + 3 + 2. Let v be (-2)/(-6)*9/k. Let x = v + 6. What is the units digit of x?
9
Let i be 0 - (5 + 0)*-1. Suppose 15 = -0*k - i*k. Let o = 3 - k. What is the units digit of o?
6
Let b be 1/(-2 - -1) - -2. Let u(r) be the second derivative of 2*r**5/5 + r**4/12 - r**3/3 + r**2/2 - r. What is the units digit of u(b)?
8
Let r = -37 + 57. What is the tens digit of r?
2
Let o(f) be the first derivative of -f**3/3 + 4*f**2 + 4*f + 2. What is the units digit of o(8)?
4
Let q(i) = i + 1. Suppose 2*a - 7*a = 0. Let w be q(a). Suppose -4*j + 3 = -w. What is the units digit of j?
1
Suppose 13 = 4*j + 33. Let y be (-2)/j + (-186)/15. Let v = 18 + y. What is the units digit of v?
6
What is the units digit of 10/(3 + -2 + 1)?
5
Suppose 2864 = 13*o - 464. What is the tens digit of o?
5
Suppose -4*o + 0 = 4. Let v(b) = -b**2 + b. Let w(m) = -6*m**2 - 6*m - 1. Let y(i) = o*w(i) - 6*v(i). What is the units digit of y(1)?
3
Let c = 137 + 32. Suppose 0 = 5*w + 54 - c. What is the units digit of w?
3
Suppose -6*l = 4*u - l + 5, -4*u + 1 = -l. Suppose 2*f = 2*y + 32, -64 = -u*f - 4*f - 4*y. What is the tens digit of f?
1
Let c be (4824/60)/(1/5). What is the units digit of 1/(-4) + c/8?
0
Let x(g) be the first derivative of 2*g**2 - 8*g + 1. Let z be x(7). What is the units digit of z - (4 - 2)*-1?
2
Suppose -3 = 2*z - 3*z. Suppose z*h - 28 = 56. What is the units digit of h?
8
What is the units digit of ((-10)/(-3))/(-2 + 272/132)?
5
Suppose -3*y - 4*t + 21 = 0, -1 = 3*t - 10. Suppose l + 28 = q + y*l, 3*q - 82 = -4*l. Let o = q + -17. What is the units digit of o?
9
Let m(s) = 3*s + 2. Let a(r) = -r**2 + 6*r + 6. Let p be a(6). What is the tens digit of m(p)?
2
Let y be ((-4)/3)/(10/(-15)). Let d = y - 1. What is the units digit of d?
1
Let j = -4 + 5. Let k = -1 + j. Suppose -q + 2*t - 3 = -k*q, -5*t = -3*q - 7. What is the units digit of q?
1
Let k be 1 + -4 + 1 + 0. Let p = k + 11. What is the units digit of p?
9
Suppose -9*w = -433 - 1754. What is the units digit of w?
3
Suppose -3*l + 0*l = g - 170, 5*l + 296 = 2*g. What is the hundreds digit of g?
1
Suppose 4*v - 3*o = 430 + 284, 0 = 3*v + 3*o - 546. What is the units digit of v?
0
Suppose j - 613 = 10*a - 12*a, 2*a - 633 = 3*j. What is the hundreds digit of a?
3
Suppose 4*a - 10 = 14. What is the units digit of a/(-9) + 174/18?
9
Let v = 8 + -6. Suppose -k - v*k = -57. What is the units digit of k?
9
What is the units digit of 10/50 - (-2)/(-10) - -47?
7
Let m(o) = 2*o - 1. What is the units digit of m(7)?
3
What is the hundreds digit of (-40 + -3)*(2 - (9 - 2))?
2
Suppose 5*c - s = 86 + 189, -20 = -4*s. What is the units digit of c?
6
Let s(n) = -n**3 - 5*n**2 + 9*n - 9. Let w be s(-7). Let o = 42 - w. What is the tens digit of o?
1
Let i(f) = -f + 22. What is the units digit of i(0)?
2
Let f be (0/(-1))/(-1) - -13. Let x = f - -12. Suppose 4*i + 3*p - x = 3*i, 5*i + p = 69. What is the units digit of i?
3
Let g(b) = 4 - 5*b**2 - b + b**3 + b - 2*b. Let t be g(6). Suppose -2*j - 3*s = -t, -2*j - s - 4*s = -36. What is the units digit of j?
8
Let l(n) = n + 14. Let p be -11 - -1 - 6/(-2). What is the units digit of l(p)?
7
Let t = 3 - -36. What is the tens digit of t?
3
Suppose -57 = -2*y + 9. What is the tens digit of y?
3
Let b be 3/9*3 - -14. Let o = -15 + 25. Let g = b - o. What is the units digit of g?
5
Let m be ((-4)/12)/(1/(-15)). Suppose -5*r - 51 = -2*w, -3*w + 129 = m*r - 2*r. What is the tens digit of w?
3
Let q(n) = n**2 + 6 - 5 + 0 - n. Let l = 2 - 4. What is th